48 = 4*u + 2*n, u + 24 = m*n + 547. List the prime factors of u.
3, 19
Let n = 241 + -84. Let c = n - -116. List the prime factors of c.
3, 7, 13
Let a(k) = -k**2 - 26*k - 21. Let m(s) = s + 3. Let w be m(-22). List the prime factors of a(w).
2, 7
Let m(w) be the first derivative of -42*w**2 - 148*w - 25. List the prime factors of m(-21).
2, 101
Suppose -3*r - 2*r - 3*j + 1197 = 0, -5*j = -3*r + 691. Let u = 343 - r. List the prime factors of u.
2, 53
Let o(i) = 2*i**2 + 34*i - 49. Let x(b) = -b**2 - 17*b + 24. Let l(w) = -2*o(w) - 5*x(w). Let r be l(-9). Let u = 183 + r. What are the prime factors of u?
89
Suppose 0 = 11*m + 9*m + m. Suppose w + 2*l - 95 = m, -5*w + 3*l + 499 = 5*l. What are the prime factors of w?
101
Suppose -756 = 10*o - 4*o. Let x be ((-18)/(-4))/((-9)/o). Suppose -2*z - 21 = -x. What are the prime factors of z?
3, 7
Let v = 52637 + -33975. List the prime factors of v.
2, 7, 31, 43
Let o(d) = d + 8. Let g be o(-6). Suppose -72 = -8*w + g*w. Let b = w - -51. List the prime factors of b.
3, 7
Suppose -9*x + 729 + 315 = 0. Let i = -117 + x. What are the prime factors of (4/i)/(2/(-134))?
2, 67
Suppose -3 = -53*p + 52*p. Let f be -1*2*18/12 + p. Suppose 9*m - 3*m - 546 = f. What are the prime factors of m?
7, 13
Let o(l) = 234*l + 176. Suppose -b = 75 - 81. What are the prime factors of o(b)?
2, 5, 79
Let n = 4286 + 2893. List the prime factors of n.
3, 2393
Let i be (-4*162/20)/(15/(-50)). Let f = 85 + i. Let b = f + -106. List the prime factors of b.
3, 29
Let n = 24 - -851. List the prime factors of n.
5, 7
Suppose 22*f + 6*f - 605661 + 7525 = 0. List the prime factors of f.
2, 11, 971
Let q(z) = z**2 + 4*z + 15. Let x = -23 - -32. Let h be q(x). Suppose -p + h = -2*j, 3*p - 552 = -p - 4*j. What are the prime factors of p?
2, 17
Suppose 10968 = 3*w - 4*u, -2*w + 7290 = 118*u - 117*u. List the prime factors of w.
2, 3, 19
List the prime factors of 6 - (234702/(-54) + 6/(-9)).
3, 1451
Suppose 2*s + 5*g - 12018 = 0, 0 = -5*g + 16 + 4. Suppose -2*w - s - 1525 = -4*m, 4*m + 3*w = 7514. What are the prime factors of m?
2, 5, 47
Let l(c) = 0 + 2 + 0 + 58*c + 22*c. Let u be l(-2). Let t = -65 - u. What are the prime factors of t?
3, 31
What are the prime factors of -7976*(11 + 2)/(-52)?
2, 997
List the prime factors of (-10)/40*-24 - (-5451 - 1 - -1).
3, 17, 107
Let j be 10/(-40) + 7/(-4). Let b be ((-4 - j) + 7)/1. Suppose -x = -4*w + 22 - 102, x = b*w + 80. What are the prime factors of x?
2, 5
Let z(w) = 572*w + 1333. What are the prime factors of z(22)?
3, 4639
Let x = -903 - -907. Let o(g) = 77*g**2 - 7*g + 27. What are the prime factors of o(x)?
1231
Suppose 2*n - 6*l = -4*l + 74664, l = -4*n + 149323. What are the prime factors of n?
7, 5333
Suppose -3*p + 15 = 0, f = -0*f + p. Suppose -12 = -3*n, 0*c + 45 = 5*c + f*n. Suppose 0*u = c*u - 285. What are the prime factors of u?
3, 19
Let f = -109 - 86. Let o = 11 + -37. Let c = o - f. What are the prime factors of c?
13
Let b = -35 - -31. Let f be (-70)/b*(-24)/(-14). What are the prime factors of 9*(-4)/f*-5?
2, 3
Let s(y) = y**3 - 22*y**2 - 23*y + 34. Suppose -3*j + 120 = 5*u, 3*u - j = -6*j + 88. Suppose -69 = u*d - 24*d. List the prime factors of s(d).
2, 17
Let g = 183 + -191. Let d(v) = -2*v**3 - 8*v**2 + 17*v + 8. What are the prime factors of d(g)?
2, 3
Suppose 4*l + 49*m = 44*m + 14268, 0 = 2*l - m - 7148. List the prime factors of l.
2, 19, 47
Let d = 971 - 341. Suppose 0*p = -5*p + 4*n - d, n + 378 = -3*p. Let r = -84 - p. List the prime factors of r.
2, 3, 7
Suppose 12765 = 3*g + 5*h, -28*g + 5*h + 12795 = -25*g. What are the prime factors of g?
2, 3, 5, 71
Let d be 3 - 1/((-1)/((-10)/2)). Let w be 24172/28 + d/28*4. Suppose 327 - w = -4*x - m, 3*x - 5*m = 379. What are the prime factors of x?
7, 19
Let k be (14/(-3))/(2/1671). Let c = -2502 - k. What are the prime factors of c?
11, 127
Suppose -5*w + 4*w = 3*s + 285, -3 = w. Let j = s + 563. Let v = j - 287. What are the prime factors of v?
2, 7, 13
Suppose -8*r = -4*r + 2*n - 2584, -5*r + 3*n + 3208 = 0. Suppose -140 = -16*j + r. What are the prime factors of j?
7
Let f = 44 - 40. Suppose j - 8 - 15 = 5*u, f*j - 116 = -4*u. Suppose -8*i + 4*i = -j. List the prime factors of i.
7
Suppose 0 = 2*t - 4*z - 50534, 10*t - 50594 = 8*t - 6*z. List the prime factors of t.
17, 1487
Suppose 0 = -9*t + 8*t - 8. Let v(l) = l**2 + 3*l - 10. Let p be v(t). Suppose -p = -k + 49. What are the prime factors of k?
79
Let q be (-31)/2*(-2)/(-1). Let g = q - -35. What are the prime factors of (-2)/(-3) + ((-556)/(-3))/g?
47
Let v(q) = 7*q - 13. Let z(g) = -11*g + 19. Let r(p) = 7*v(p) + 5*z(p). Let a be r(0). Suppose m = -a, -208 = -2*x + 4*m - m. List the prime factors of x.
2, 7
Let h(x) = x**3 - 8*x**2 - 8*x - 29. Let u = 66 - 64. Suppose 8*p = -u*p + 100. List the prime factors of h(p).
7, 13
Let y = -26450 - -38461. What are the prime factors of y?
12011
Let c = 40 + -33. Suppose -2*n = -4*b - 132, 3*n + c = -4*b + 195. Suppose d = n + 16. List the prime factors of d.
2, 5
Suppose 3*i - 4*r + 14 = 0, 0 = 4*i + i + 2*r - 20. Suppose 3*f - 92 = -4*b, -29*f + 32 = i*b - 31*f. List the prime factors of b.
2, 5
Let p be (-10)/110 + (1 - 105/55). Let o(d) = 18*d**2 - 8*d - 10. List the prime factors of o(p).
2
Let g(v) = v**3 + 22*v**2 - 9*v - 47. Let j be g(-19). Suppose j = -17*c + 7259. What are the prime factors of c?
2, 89
Suppose 2*c - 644 = 720. Suppose 102*y + c = 104*y. List the prime factors of y.
11, 31
Suppose -38*w + 774112 = -9*w + 39*w. List the prime factors of w.
2, 1423
Suppose -39 = -4*x + 1. Suppose -15*s + x*s + 230 = 0. Suppose 3*v = -3*l + 93, 5*v - 4*v + 4*l = s. What are the prime factors of v?
2, 13
Suppose -1 = 4*p - 3*p. List the prime factors of (407/5 - p)/((-36)/(-90)).
2, 103
Let f = 70 - 85. Let d(v) = v**3 + 16*v**2 + 3*v + 30. Let p be d(f). List the prime factors of 6/15*p/3.
2, 7
Let t(j) = -2*j**2 - 29*j - 56. Let p be t(-12). Suppose -4*f - 4*a + 4828 = 0, 0 = p*f - a - 4938 + 105. What are the prime factors of f?
2, 151
Suppose -4*l = 5*f + 1875 + 1784, -5*f + l - 3654 = 0. Let n = 286 - f. What are the prime factors of n?
3, 113
Let a(x) be the first derivative of 5*x**2 - x + 22. Let f(b) = -b. Let l(g) = -a(g) - 2*f(g). What are the prime factors of l(-1)?
3
Suppose 0 = -20*h + 7*h + 358311 + 120674. List the prime factors of h.
5, 7369
What are the prime factors of 2*5107*(5 - 117/26)?
5107
Let n = -13 - -1. Let z be 0/(n/(-7) + 16/56). Suppose 0 = 5*w - 2*w + 15, z = 4*p + 4*w - 140. What are the prime factors of p?
2, 5
Suppose -y = -4, -2*f = -0*y - y. Suppose -f*i + 2 = -16. Let v(h) = h + 30. List the prime factors of v(i).
3, 13
Let w = -21 - -37. Let z be w/(-20)*(-10)/4. What are the prime factors of (-1 + 2)/(z/102)?
3, 17
Let b = -38827 + 55666. List the prime factors of b.
3, 1871
Suppose -5*c + 5*l = -10, -13*l = c - 11*l - 11. Suppose 0 = -3*b - c*w + 2019 + 2163, 0 = -5*w. List the prime factors of b.
2, 17, 41
Suppose 4*n - 4*c + 5200 = 0, 5*c = 3*n + 2232 + 1676. List the prime factors of (660/77)/(n/(-644) - 2).
2, 3, 5, 23
Suppose 20*v = -8*v - 44489 + 281285. What are the prime factors of v?
3, 2819
Let j(x) = x**3 + 22*x**2 + 13*x + 5. Suppose -3 = -11*l - 179. What are the prime factors of j(l)?
31, 43
Let k = 3005 - 8152. What are the prime factors of 3/33 - k/11?
2, 3, 13
Let g(l) = 185*l + 6. Let a(n) be the first derivative of n**4/4 + 2*n**3 + n**2 + 13*n - 3. Let c be a(-6). List the prime factors of g(c).
191
Let v = -48103 + 69543. List the prime factors of v.
2, 5, 67
Let z(o) = -o**2 - 2*o + 68. Let l be z(7). Suppose 3*g - 543 = -3*n, 0 = l*g + 3*n - 0*n - 907. List the prime factors of g.
2, 7, 13
Let q(g) = -g**3 - 20*g**2 + 40*g + 387. List the prime factors of q(-23).
2, 17, 31
Let c(r) = r**2 + 12*r. Suppose 5*w = -0*o - o + 14, 4*o - w + 49 = 0. Let k be c(o). List the prime factors of 3/(((-44)/112)/k).
2, 3, 7
Let b(q) = 2*q + 1909. What are the prime factors of b(44)?
1997
Let t be 2 + 0 - (-4 + 2 + 1). Suppose -t*n - 414 = -26*n. What are the prime factors of n?
2, 3
Let a be 18/(-4)*8 - -4. Let i = -45 - a. Let u = i + 15. List the prime factors of u.
2
Let j(p) = -p + 17. Let s be j(12). Suppose s*c = -3*r + 16, -3*r + 8 = c - 0*c. Suppose 0 